{"id":253,"date":"2019-11-02T09:12:05","date_gmt":"2019-11-02T09:12:05","guid":{"rendered":"http:\/\/grundschulmusiker.de\/?page_id=253"},"modified":"2019-11-02T16:55:04","modified_gmt":"2019-11-02T16:55:04","slug":"paul-obrien-workshops","status":"publish","type":"page","link":"https:\/\/grundschulmusiker.de\/?page_id=253","title":{"rendered":"Paul O&#8217;Brien Workshops"},"content":{"rendered":"\n<p>Als ich Paul 2009 das erst Mal auf einem Hauskonzert traf sagte er mir, dass er gerne School-Workshops machen w\u00fcrde. Ich war ein wenig skeptisch weil er mir nicht richtig erkl\u00e4ren konnte (oder mein Englisch ist zu schlecht) was da eigentlich genau passiert. Es waren dann seine einzigartige Ausstrahlung, die unglaubliche Stimme und ein Schulvereinsvorsitzender, der selbst Musiker ist, was dazu f\u00fchrte, dass wir 2010 den ersten gemeinsamen Schulworkshop an der Grundschule Egestorf mir riesigem Erfolg durchf\u00fchrten. Seither hat Paul hunderte von Schulen im deutschsprachigen Raum begl\u00fcckt. <\/p>\n\n\n\n<p>F\u00fcr einen 1-Tages-Workshop hat sich folgender Ablauf bew\u00e4hrt:<\/p>\n\n\n\n<ul class=\"wp-block-list\"><li>1. Stunde: Paul macht ein Mitmach-Konzert f\u00fcr alle Sch\u00fclerInnen der Schul<\/li><li>2. &#8211; 4. Stunde: Paul \u00fcbt Lieder mit einzelnen Klassen oder Jahrg\u00e4ngen ein<\/li><li>5. Stunde: Alle teilnehmenden Klassen der 2.-4. Stunde proben f\u00fcr das Abendkonzert <\/li><li>6.Stunde: Reserve f\u00fcr z.B. besondere Talente<\/li><li>Abendkonzert 60-90 Minuten<\/li><\/ul>\n\n\n\n<p>Falls die finanziellen Mittel f\u00fcr mehrt\u00e4gige Workshops zur Verf\u00fcgung stehen ist das nat\u00fcrlich im Hinblick auf die musikalische Qualit\u00e4t f\u00f6rderlich. Auch CD-Aufnahmen w\u00e4ren denkbar.<\/p>\n\n\n\n<p>Neu: Paul und ich bieten gemeinsame Schulworkshops und Lehrerfortbildungen an. Schwerpunkte k\u00f6nnen dabei individuell gew\u00e4hlt werden. Siehe auch <a href=\"https:\/\/grundschulmusiker.de\/?page_id=57\" target=\"_blank\" rel=\"noreferrer noopener\" aria-label=\" (\u00f6ffnet in neuem Tab)\">hier.<\/a><\/p>\n\n\n\n<p>\u00dcbrigens: Paul O&#8217;Brien macht auch ganz fantastische Hauskonzerte. <\/p>\n","protected":false},"excerpt":{"rendered":"<p>Als ich Paul 2009 das erst Mal auf einem Hauskonzert traf sagte er mir, dass er gerne School-Workshops machen w\u00fcrde. Ich war ein wenig skeptisch weil er mir nicht richtig erkl\u00e4ren konnte (oder mein Englisch ist zu schlecht) was da eigentlich genau passiert. Es waren dann seine einzigartige Ausstrahlung, die unglaubliche Stimme und ein Schulvereinsvorsitzender, [&hellip;]<\/p>\n","protected":false},"author":1,"featured_media":0,"parent":0,"menu_order":0,"comment_status":"closed","ping_status":"closed","template":"","meta":{"footnotes":""},"class_list":["post-253","page","type-page","status-publish","hentry"],"_links":{"self":[{"href":"https:\/\/grundschulmusiker.de\/index.php?rest_route=\/wp\/v2\/pages\/253","targetHints":{"allow":["GET"]}}],"collection":[{"href":"https:\/\/grundschulmusiker.de\/index.php?rest_route=\/wp\/v2\/pages"}],"about":[{"href":"https:\/\/grundschulmusiker.de\/index.php?rest_route=\/wp\/v2\/types\/page"}],"author":[{"embeddable":true,"href":"https:\/\/grundschulmusiker.de\/index.php?rest_route=\/wp\/v2\/users\/1"}],"replies":[{"embeddable":true,"href":"https:\/\/grundschulmusiker.de\/index.php?rest_route=%2Fwp%2Fv2%2Fcomments&post=253"}],"version-history":[{"count":4,"href":"https:\/\/grundschulmusiker.de\/index.php?rest_route=\/wp\/v2\/pages\/253\/revisions"}],"predecessor-version":[{"id":272,"href":"https:\/\/grundschulmusiker.de\/index.php?rest_route=\/wp\/v2\/pages\/253\/revisions\/272"}],"wp:attachment":[{"href":"https:\/\/grundschulmusiker.de\/index.php?rest_route=%2Fwp%2Fv2%2Fmedia&parent=253"}],"curies":[{"name":"wp","href":"https:\/\/api.w.org\/{rel}","templated":true}]}}