{"id":2,"date":"2016-05-10T03:48:21","date_gmt":"2016-05-10T03:48:21","guid":{"rendered":"http:\/\/grundschulmusiker.de\/?page_id=2"},"modified":"2022-01-23T16:39:49","modified_gmt":"2022-01-23T16:39:49","slug":"sample-page","status":"publish","type":"page","link":"https:\/\/grundschulmusiker.de\/?page_id=2","title":{"rendered":"Vita"},"content":{"rendered":"<p><strong>Die Kurzform<\/strong><\/p>\n<p>Jahrgang 1967<\/p>\n<p>Studium:<\/p>\n<ul>\n<li>Lehramt an Grund- und Hauptschulen in L\u00fcneburg 1990-1995<\/li>\n<li>Masterstudium Musikwissenschaft und P\u00e4dagogik in Oldenburg (ohne Abschluss) 1995-96<\/li>\n<li>Promotionsstudium in L\u00fcneburg 1996-1997 (auch erfolglos &#8211; ich konnte einfach nicht rechtzeitig aufstehen)<\/li>\n<\/ul>\n<p>Werdegang als Lehrer und Schulleiter<\/p>\n<ul>\n<li>Lehrer an einer Haupt- und Realschule in Hamburg (2002-2005)<\/li>\n<li>Rektor an der Grundschule Egestorf (2005-2012)<\/li>\n<li>Rektor an der Grundschule L\u00fcne (2012-2017)<\/li>\n<li>Rektor an der alten Stadtschule Winsen Luhe (2017-2021)<\/li>\n<\/ul>\n<p>Ver\u00f6ffentlichungen<\/p>\n<ul>\n<li>&#8222;Du bist der Weihnachtsmann&#8220; in:\u00a0<a title=\"Link zur Zeitschriftendatenbank (ZDB)\" href=\"http:\/\/ld.zdb-services.de\/resource\/1379357-3\" target=\"_blank\" rel=\"noopener noreferrer\">Grundschule Musik<\/a>, (2004) 31<\/li>\n<li>&#8222;Manchmal w\u00e4r&#8216; ich gerne so wie du&#8220; In:\u00a0<a title=\"Link zur Zeitschriftendatenbank (ZDB)\" href=\"http:\/\/ld.zdb-services.de\/resource\/1379357-3\" target=\"_blank\" rel=\"noopener noreferrer\">Grundschule Musik<\/a>, (2007) 42<\/li>\n<li>&#8222;M\u00fcssen wir denn wirklich schon gehen&#8220; In:\u00a0<a title=\"Link zur Zeitschriftendatenbank (ZDB)\" href=\"http:\/\/ld.zdb-services.de\/resource\/1379357-3\" target=\"_blank\" rel=\"noopener noreferrer\">Grundschule Musik<\/a>, (2017) 82<\/li>\n<li>&#8222;Kekse backen&#8220; mit Feo Obbelode In:\u00a0<a title=\"Link zur Zeitschriftendatenbank (ZDB)\" href=\"http:\/\/ld.zdb-services.de\/resource\/1379357-3\" target=\"_blank\" rel=\"noopener noreferrer\">Grundschule Musik<\/a>, (2017) 84<\/li>\n<li>\u00a0Autor und Herausgeber f\u00fcr das &#8222;Sonderheft: Computer und Musikunterricht&#8220;, Lugert Verlag (2000)<\/li>\n<li>\u00a0Pianist bei Paul O&#8217;Brien: &#8222;Long you may sing&#8220; (2013), <a href=\"https:\/\/www.stockfisch-records.de\/mp3s\/pobrien_4080_wwwremember.mp3\">H\u00f6rprobe<\/a><\/li>\n<\/ul>\n<p>und sonst so:<\/p>\n<ul>\n<li>Musikschullehrer f\u00fcr Trompete<\/li>\n<li>Pianist in der Paul O&#8217;Brien Band<\/li>\n<li>Zahlreiche Orchesteraushilfen<\/li>\n<li>selbst vor Tanz- und Bierzeltmusik habe ich keinen Halt gemacht<\/li>\n<li>Dirigent des Sinfonischen Blasorchesters L\u00fcneburg<\/li>\n<li>Klavierstimmer<\/li>\n<\/ul>\n<p><strong>Die l\u00e4ngere Version: Eigentlich wollte ich nicht Lehrer werden&#8230;<\/strong><\/p>\n<p>Ich habe in den fr\u00fchen 90er Jahren Lehramt f\u00fcr Grund- und Hauptschulen mit den F\u00e4chern Musik, Mathematik und Sachunterricht in L\u00fcneburg studiert. Mein Studium finanzierte ich als Trompetenlehrer an einer Musikschule und durch diverse Muckeraktivit\u00e4ten &#8211; vom Oratorium \u00fcber Oktoberfestmusik (als Trompeter) bis hin zur Bar- und Tanzmusik (als Pianist).\u00a0<\/p>\n<p>Nach dem Studium erschien mir der Lehrerberuf zu unattraktiv &#8211; genauer: ich wollte auf gar keinen Fall in die Schule &#8211;\u00a0 und ich entschied mich, mein bisheriges Leben einfach weiter zu f\u00fchren und nebenbei weiter zu studieren ( Musikwissenschaft und P\u00e4dagogik). Eines Tages rief ein befreundeter Trompeter an und sagte, er k\u00f6nnen einen Job nicht machen und fragte mich, ob ich dies tun wolle. Es handelte sich um einen Job als Vertretungslehrer an meinem alten Gymnasium. Da ich das Geld brauchte willigte ich ein und auf einmal waren meine ehemaligen Lehrer meine KollegInnen. Ich arbeitete im Musikzweig, hatte zwei Klassenorchester zu f\u00fchren und auch &#8222;normalen&#8220; Musikunterricht zu geben. Diese Erfahrung war f\u00fcr mich derma\u00dfen toll, dass ich mich sehr \u00fcber das Angebot der Schule freute, mich fest einzustellen. Die einzige Bedingung: Ich m\u00fcsste vorher meine Referendariat machen. Das machte ich dann auch. Schlie\u00dflich trat ich meine erste Stelle aber nicht an meinem alten Gymnasium an, da sie mich nur als Angestellten h\u00e4tten einstellen k\u00f6nnen. Als Beamter an einer Haupt- und Realschule verdiente ich netto deutlich mehr und so entschloss ich mich, dies auszuprobieren. Das war keine gute Idee.\u00a0<\/p>\n<p>Die Distanzlosigkeit der Hamburger Jugendlichen und ein &#8211; in meinen Augen &#8211; wirklich wirklich schlechter Schulleiter machten diese Zeit f\u00fcr mich recht unerfreulich. Das Schicksal ist dann manchmal ein perfides Mistst\u00fcck und es stellte sich heraus, dass meine einzige Aussicht, von Hamburg zur\u00fcck nach Niedersachsen zu wechseln \u00fcber eine Funktionsstelle ging. So musste ich in 2005 Schulleiter in Egestorf werden. Dies war \u00fcbrigens kein Kunstst\u00fcck, denn zu dieser Zeit gab es etwa 0,8 Bewerbungen pro Schulleiterstelle im Grundschulbereich.\u00a0 Egestorf hatte bereits zweimal ohne jegliche Bewerbung ausgeschrieben.\u00a0<\/p>\n<p>Es war aber gar nicht so schlecht als Schulleiter &#8211; zumindest am Anfang. Der Leidensdruck kam sp\u00e4ter. Das erz\u00e4hle ich hier aber nicht.<\/p>\n<p>Seit 2005 bin ich nun an einer Grundschule t\u00e4tig und habe mir viele Gedanken \u00fcber den Musikunterricht dieser Altersklasse gemacht. Scheinbar nicht ganz erfolglos, denn die Leiterin des Ausbildungsseminars f\u00fcr das Fach Musik kam j\u00e4hrlich mit Ihren ReferendarInnen zu mir, um die jungen KollegInnen f\u00fcr meine Art des Musikunterrichts zu begeistern.\u00a0<\/p>\n<p>Seit Sommer 2021 bin ich aus dem Schuldienst ausgeschieden und lebe ich in Schweden. Hier arbeite ich als Klavierstimmer und komme f\u00fcr Fortbildungen und Konzerte nach Deutschland. Das Leben ist (jetzt) sch\u00f6n!<\/p>\n<p><img loading=\"lazy\" decoding=\"async\" class=\"alignnone size-medium wp-image-5975\" src=\"https:\/\/grundschulmusiker.de\/wp-content\/uploads\/2021\/10\/IMG-20160903-WA0003-225x300.jpg\" alt=\"\" width=\"225\" height=\"300\" srcset=\"https:\/\/grundschulmusiker.de\/wp-content\/uploads\/2021\/10\/IMG-20160903-WA0003-225x300.jpg 225w, https:\/\/grundschulmusiker.de\/wp-content\/uploads\/2021\/10\/IMG-20160903-WA0003-768x1024.jpg 768w, https:\/\/grundschulmusiker.de\/wp-content\/uploads\/2021\/10\/IMG-20160903-WA0003-1152x1536.jpg 1152w, https:\/\/grundschulmusiker.de\/wp-content\/uploads\/2021\/10\/IMG-20160903-WA0003-416x555.jpg 416w, https:\/\/grundschulmusiker.de\/wp-content\/uploads\/2021\/10\/IMG-20160903-WA0003.jpg 1200w\" sizes=\"auto, (max-width: 225px) 100vw, 225px\" \/><\/p>\n\n\n<p><\/p>\n","protected":false},"excerpt":{"rendered":"<p>Die Kurzform Jahrgang 1967 Studium: Lehramt an Grund- und Hauptschulen in L\u00fcneburg 1990-1995 Masterstudium Musikwissenschaft und P\u00e4dagogik in Oldenburg (ohne Abschluss) 1995-96 Promotionsstudium in L\u00fcneburg 1996-1997 (auch erfolglos &#8211; ich konnte einfach nicht rechtzeitig aufstehen) Werdegang als Lehrer und Schulleiter Lehrer an einer Haupt- und Realschule in Hamburg (2002-2005) Rektor an der Grundschule Egestorf (2005-2012) [&hellip;]<\/p>\n","protected":false},"author":1,"featured_media":0,"parent":0,"menu_order":5,"comment_status":"closed","ping_status":"closed","template":"","meta":{"footnotes":""},"class_list":["post-2","page","type-page","status-publish","hentry"],"_links":{"self":[{"href":"https:\/\/grundschulmusiker.de\/index.php?rest_route=\/wp\/v2\/pages\/2","targetHints":{"allow":["GET"]}}],"collection":[{"href":"https:\/\/grundschulmusiker.de\/index.php?rest_route=\/wp\/v2\/pages"}],"about":[{"href":"https:\/\/grundschulmusiker.de\/index.php?rest_route=\/wp\/v2\/types\/page"}],"author":[{"embeddable":true,"href":"https:\/\/grundschulmusiker.de\/index.php?rest_route=\/wp\/v2\/users\/1"}],"replies":[{"embeddable":true,"href":"https:\/\/grundschulmusiker.de\/index.php?rest_route=%2Fwp%2Fv2%2Fcomments&post=2"}],"version-history":[{"count":9,"href":"https:\/\/grundschulmusiker.de\/index.php?rest_route=\/wp\/v2\/pages\/2\/revisions"}],"predecessor-version":[{"id":6013,"href":"https:\/\/grundschulmusiker.de\/index.php?rest_route=\/wp\/v2\/pages\/2\/revisions\/6013"}],"wp:attachment":[{"href":"https:\/\/grundschulmusiker.de\/index.php?rest_route=%2Fwp%2Fv2%2Fmedia&parent=2"}],"curies":[{"name":"wp","href":"https:\/\/api.w.org\/{rel}","templated":true}]}}

<p><strong>Die Kurzform</strong></p>
<p>Jahrgang 1967</p>
<p>Studium:</p>
<ul>
<li>Lehramt an Grund- und Hauptschulen in Lüneburg 1990-1995</li>
<li>Masterstudium Musikwissenschaft und Pädagogik in Oldenburg (ohne Abschluss) 1995-96</li>
<li>Promotionsstudium in Lüneburg 1996-1997 (auch erfolglos &#8211; ich konnte einfach nicht rechtzeitig aufstehen)</li>
</ul>
<p>Werdegang als Lehrer und Schulleiter</p>
<ul>
<li>Lehrer an einer Haupt- und Realschule in Hamburg (2002-2005)</li>
<li>Rektor an der Grundschule Egestorf (2005-2012)</li>
<li>Rektor an der Grundschule Lüne (2012-2017)</li>
<li>Rektor an der alten Stadtschule Winsen Luhe (2017-2021)</li>
</ul>
<p>Veröffentlichungen</p>
<ul>
<li>&#8222;Du bist der Weihnachtsmann&#8220; in: <a title="Link zur Zeitschriftendatenbank (ZDB)" href="http://ld.zdb-services.de/resource/1379357-3" target="_blank" rel="noopener noreferrer">Grundschule Musik</a>, (2004) 31</li>
<li>&#8222;Manchmal wär&#8216; ich gerne so wie du&#8220; In: <a title="Link zur Zeitschriftendatenbank (ZDB)" href="http://ld.zdb-services.de/resource/1379357-3" target="_blank" rel="noopener noreferrer">Grundschule Musik</a>, (2007) 42</li>
<li>&#8222;Müssen wir denn wirklich schon gehen&#8220; In: <a title="Link zur Zeitschriftendatenbank (ZDB)" href="http://ld.zdb-services.de/resource/1379357-3" target="_blank" rel="noopener noreferrer">Grundschule Musik</a>, (2017) 82</li>
<li>&#8222;Kekse backen&#8220; mit Feo Obbelode In: <a title="Link zur Zeitschriftendatenbank (ZDB)" href="http://ld.zdb-services.de/resource/1379357-3" target="_blank" rel="noopener noreferrer">Grundschule Musik</a>, (2017) 84</li>
<li> Autor und Herausgeber für das &#8222;Sonderheft: Computer und Musikunterricht&#8220;, Lugert Verlag (2000)</li>
<li> Pianist bei Paul O&#8217;Brien: &#8222;Long you may sing&#8220; (2013), <a href="https://www.stockfisch-records.de/mp3s/pobrien_4080_wwwremember.mp3">Hörprobe</a></li>
</ul>
<p>und sonst so:</p>
<ul>
<li>Musikschullehrer für Trompete</li>
<li>Pianist in der Paul O&#8217;Brien Band</li>
<li>Zahlreiche Orchesteraushilfen</li>
<li>selbst vor Tanz- und Bierzeltmusik habe ich keinen Halt gemacht</li>
<li>Dirigent des Sinfonischen Blasorchesters Lüneburg</li>
<li>Klavierstimmer</li>
</ul>
<p><strong>Die längere Version: Eigentlich wollte ich nicht Lehrer werden&#8230;</strong></p>
<p>Ich habe in den frühen 90er Jahren Lehramt für Grund- und Hauptschulen mit den Fächern Musik, Mathematik und Sachunterricht in Lüneburg studiert. Mein Studium finanzierte ich als Trompetenlehrer an einer Musikschule und durch diverse Muckeraktivitäten &#8211; vom Oratorium über Oktoberfestmusik (als Trompeter) bis hin zur Bar- und Tanzmusik (als Pianist). </p>
<p>Nach dem Studium erschien mir der Lehrerberuf zu unattraktiv &#8211; genauer: ich wollte auf gar keinen Fall in die Schule &#8211;  und ich entschied mich, mein bisheriges Leben einfach weiter zu führen und nebenbei weiter zu studieren ( Musikwissenschaft und Pädagogik). Eines Tages rief ein befreundeter Trompeter an und sagte, er können einen Job nicht machen und fragte mich, ob ich dies tun wolle. Es handelte sich um einen Job als Vertretungslehrer an meinem alten Gymnasium. Da ich das Geld brauchte willigte ich ein und auf einmal waren meine ehemaligen Lehrer meine KollegInnen. Ich arbeitete im Musikzweig, hatte zwei Klassenorchester zu führen und auch &#8222;normalen&#8220; Musikunterricht zu geben. Diese Erfahrung war für mich dermaßen toll, dass ich mich sehr über das Angebot der Schule freute, mich fest einzustellen. Die einzige Bedingung: Ich müsste vorher meine Referendariat machen. Das machte ich dann auch. Schließlich trat ich meine erste Stelle aber nicht an meinem alten Gymnasium an, da sie mich nur als Angestellten hätten einstellen können. Als Beamter an einer Haupt- und Realschule verdiente ich netto deutlich mehr und so entschloss ich mich, dies auszuprobieren. Das war keine gute Idee. </p>
<p>Die Distanzlosigkeit der Hamburger Jugendlichen und ein &#8211; in meinen Augen &#8211; wirklich wirklich schlechter Schulleiter machten diese Zeit für mich recht unerfreulich. Das Schicksal ist dann manchmal ein perfides Miststück und es stellte sich heraus, dass meine einzige Aussicht, von Hamburg zurück nach Niedersachsen zu wechseln über eine Funktionsstelle ging. So musste ich in 2005 Schulleiter in Egestorf werden. Dies war übrigens kein Kunststück, denn zu dieser Zeit gab es etwa 0,8 Bewerbungen pro Schulleiterstelle im Grundschulbereich.  Egestorf hatte bereits zweimal ohne jegliche Bewerbung ausgeschrieben. </p>
<p>Es war aber gar nicht so schlecht als Schulleiter &#8211; zumindest am Anfang. Der Leidensdruck kam später. Das erzähle ich hier aber nicht.</p>
<p>Seit 2005 bin ich nun an einer Grundschule tätig und habe mir viele Gedanken über den Musikunterricht dieser Altersklasse gemacht. Scheinbar nicht ganz erfolglos, denn die Leiterin des Ausbildungsseminars für das Fach Musik kam jährlich mit Ihren ReferendarInnen zu mir, um die jungen KollegInnen für meine Art des Musikunterrichts zu begeistern. </p>
<p>Seit Sommer 2021 bin ich aus dem Schuldienst ausgeschieden und lebe ich in Schweden. Hier arbeite ich als Klavierstimmer und komme für Fortbildungen und Konzerte nach Deutschland. Das Leben ist (jetzt) schön!</p>
<p><img loading="lazy" decoding="async" class="alignnone size-medium wp-image-5975" src="https://grundschulmusiker.de/wp-content/uploads/2021/10/IMG-20160903-WA0003-225x300.jpg" alt="" width="225" height="300" srcset="https://grundschulmusiker.de/wp-content/uploads/2021/10/IMG-20160903-WA0003-225x300.jpg 225w, https://grundschulmusiker.de/wp-content/uploads/2021/10/IMG-20160903-WA0003-768x1024.jpg 768w, https://grundschulmusiker.de/wp-content/uploads/2021/10/IMG-20160903-WA0003-1152x1536.jpg 1152w, https://grundschulmusiker.de/wp-content/uploads/2021/10/IMG-20160903-WA0003-416x555.jpg 416w, https://grundschulmusiker.de/wp-content/uploads/2021/10/IMG-20160903-WA0003.jpg 1200w" sizes="auto, (max-width: 225px) 100vw, 225px" /></p>


<p></p>

<p>Die Kurzform Jahrgang 1967 Studium: Lehramt an Grund- und Hauptschulen in Lüneburg 1990-1995 Masterstudium Musikwissenschaft und Pädagogik in Oldenburg (ohne Abschluss) 1995-96 Promotionsstudium in Lüneburg 1996-1997 (auch erfolglos &#8211; ich konnte einfach nicht rechtzeitig aufstehen) Werdegang als Lehrer und Schulleiter Lehrer an einer Haupt- und Realschule in Hamburg (2002-2005) Rektor an der Grundschule Egestorf (2005-2012) [&hellip;]</p>
